{"id":304,"date":"2023-07-26T13:42:16","date_gmt":"2023-07-26T11:42:16","guid":{"rendered":"http:\/\/infos-beziers.fr\/?page_id=304"},"modified":"2023-07-26T13:45:18","modified_gmt":"2023-07-26T11:45:18","slug":"mentions-legales","status":"publish","type":"page","link":"https:\/\/infos-beziers.fr\/index.php\/mentions-legales\/","title":{"rendered":"Mentions l\u00e9gales"},"content":{"rendered":"\t\t<div data-elementor-type=\"wp-page\" data-elementor-id=\"304\" class=\"elementor elementor-304\">\n\t\t\t\t\t\t\t\t\t<section class=\"elementor-section elementor-top-section elementor-element elementor-element-c84dcd9 elementor-section-boxed elementor-section-height-default elementor-section-height-default\" data-id=\"c84dcd9\" data-element_type=\"section\">\n\t\t\t\t\t\t<div class=\"elementor-container elementor-column-gap-default\">\n\t\t\t\t\t<div class=\"elementor-column elementor-col-100 elementor-top-column elementor-element elementor-element-79ad820\" data-id=\"79ad820\" data-element_type=\"column\">\n\t\t\t<div class=\"elementor-widget-wrap elementor-element-populated\">\n\t\t\t\t\t\t\t\t<div class=\"elementor-element elementor-element-ee80f8b elementor-widget elementor-widget-heading\" data-id=\"ee80f8b\" data-element_type=\"widget\" data-widget_type=\"heading.default\">\n\t\t\t\t<div class=\"elementor-widget-container\">\n\t\t\t<style>\/*! elementor - v3.14.0 - 26-06-2023 *\/\n.elementor-heading-title{padding:0;margin:0;line-height:1}.elementor-widget-heading .elementor-heading-title[class*=elementor-size-]>a{color:inherit;font-size:inherit;line-height:inherit}.elementor-widget-heading .elementor-heading-title.elementor-size-small{font-size:15px}.elementor-widget-heading .elementor-heading-title.elementor-size-medium{font-size:19px}.elementor-widget-heading .elementor-heading-title.elementor-size-large{font-size:29px}.elementor-widget-heading .elementor-heading-title.elementor-size-xl{font-size:39px}.elementor-widget-heading .elementor-heading-title.elementor-size-xxl{font-size:59px}<\/style><h2 class=\"elementor-heading-title elementor-size-default\">Mentions l\u00e9gales<\/h2>\t\t<\/div>\n\t\t\t\t<\/div>\n\t\t\t\t\t<\/div>\n\t\t<\/div>\n\t\t\t\t\t\t\t<\/div>\n\t\t<\/section>\n\t\t\t\t<section class=\"elementor-section elementor-top-section elementor-element elementor-element-17cc771 elementor-section-boxed elementor-section-height-default elementor-section-height-default\" data-id=\"17cc771\" data-element_type=\"section\">\n\t\t\t\t\t\t<div class=\"elementor-container elementor-column-gap-default\">\n\t\t\t\t\t<div class=\"elementor-column elementor-col-100 elementor-top-column elementor-element elementor-element-82df81a\" data-id=\"82df81a\" data-element_type=\"column\">\n\t\t\t<div class=\"elementor-widget-wrap elementor-element-populated\">\n\t\t\t\t\t\t\t\t<div class=\"elementor-element elementor-element-aabaf1e elementor-widget elementor-widget-text-editor\" data-id=\"aabaf1e\" data-element_type=\"widget\" data-widget_type=\"text-editor.default\">\n\t\t\t\t<div class=\"elementor-widget-container\">\n\t\t\t<style>\/*! elementor - v3.14.0 - 26-06-2023 *\/\n.elementor-widget-text-editor.elementor-drop-cap-view-stacked .elementor-drop-cap{background-color:#69727d;color:#fff}.elementor-widget-text-editor.elementor-drop-cap-view-framed .elementor-drop-cap{color:#69727d;border:3px solid;background-color:transparent}.elementor-widget-text-editor:not(.elementor-drop-cap-view-default) .elementor-drop-cap{margin-top:8px}.elementor-widget-text-editor:not(.elementor-drop-cap-view-default) .elementor-drop-cap-letter{width:1em;height:1em}.elementor-widget-text-editor .elementor-drop-cap{float:left;text-align:center;line-height:1;font-size:50px}.elementor-widget-text-editor .elementor-drop-cap-letter{display:inline-block}<\/style>\t\t\t\t<p><span style=\"font-size: 1rem;\">Site officiel de la Ville de B\u00e9ziers www.infos-beziers.fr<\/span><\/p>\n<div id=\"u887td-accordion\" class=\"accordion-content active-title fade-in mui-enter mui-enter-active\" role=\"tabpanel\" data-tab-content=\"\" aria-labelledby=\"u887td-accordion-label\" aria-hidden=\"false\">\n<p class=\"bodytext active-title fade-in mui-enter-active\"><strong class=\"active-title fade-in mui-enter-active\">Direction de la communication&nbsp; H\u00f4tel de Ville Place Gabriel P\u00e9ri 34500 B\u00e9ziers<\/strong><\/p>\n<p class=\"bodytext active-title fade-in mui-enter-active\">T\u00e9l. :&nbsp;<strong class=\"active-title fade-in mui-enter-active\">04.67.36.73.62<\/strong><\/p>\n<p class=\"bodytext active-title fade-in mui-enter-active\"><strong class=\"active-title fade-in mui-enter-active\">Commentaires, remarques et suggestions<\/strong><\/p>\n<p class=\"bodytext active-title fade-in mui-enter-active\">La Ville de B\u00e9ziers ne garantit pas que ce site soit exempt de d\u00e9faut, d\u2019erreur ou d\u2019omission. L\u2019information qui y est contenue est destin\u00e9e \u00e0 vous apporter des indications g\u00e9n\u00e9rales et les mieux actualis\u00e9es possibles sur les sujets trait\u00e9s. La Ville de B\u00e9ziers ne saurait en aucun cas \u00eatre tenue responsable des \u00e9ventuels d\u00e9fauts, erreurs ou omissions existant dans ce site, ni de l\u2019utilisation et de l\u2019interpr\u00e9tation de l\u2019information qu\u2019il contient. La pr\u00e9sente clause de r\u00e9serve juridique n\u2019a pas pour objet de limiter la responsabilit\u00e9 de la Ville de mani\u00e8re contraire \u00e0 la l\u00e9gislation nationale applicable ni de l\u2019exclure dans les cas o\u00f9 elle peut \u00eatre engag\u00e9e en vertu de ladite l\u00e9gislation. Pour toute suggestion, information, r\u00e9action concernant ce site, voir coordonn\u00e9es ci-dessus.<\/p>\n<p class=\"bodytext active-title fade-in mui-enter-active\"><strong class=\"active-title fade-in mui-enter-active\">Animation \u00e9ditoriale, gestion et mises \u00e0 jour<\/strong><\/p>\n<p class=\"bodytext active-title fade-in mui-enter-active\">Direction de la communication Monsieur Carrette&nbsp; T\u00e9l. : 04.67.36.73.62<\/p>\n<p class=\"bodytext active-title fade-in mui-enter-active\"><strong>H\u00e9bergement Soci\u00e9t\u00e9 OVH<\/strong><\/p>\n<p>SAS au capital de 10 069 020 \u20ac<br>RCS Lille M\u00e9tropole 424 761 419 00045<br>Code APE 2620Z<br>N\u00b0 TVA : FR 22 424 761 419<br>Si\u00e8ge social : 2 rue Kellermann \u2013 59100 Roubaix \u2013 France Directeur de la publication : Octave KLABA Pr\u00e9sident : Henryk KLABA Directeur g\u00e9n\u00e9ral : Miroslaw KLABA Directeur g\u00e9n\u00e9ral d\u00e9l\u00e9gu\u00e9 : Octave KLABA Directeur g\u00e9n\u00e9ral d\u00e9l\u00e9gu\u00e9 : Halina KLABA<\/p>\n<p><a href=\"https:\/\/www.ovh.com\/fr\/support\/mentions-legales\/\">Mentions l\u00e9gales<\/a><\/p>\n<p class=\"active-title fade-in mui-enter-active\"><strong class=\"active-title fade-in mui-enter-active\">Droits d&rsquo;auteurs et propri\u00e9t\u00e9 intellectuelle<\/strong><\/p>\n<p class=\"bodytext active-title fade-in mui-enter-active\">Le pr\u00e9sent site constitue une \u0153uvre dont la Ville de B\u00e9ziers est l\u2019auteur au sens des articles L.111-1 et suivants du Code de la propri\u00e9t\u00e9 intellectuelle. Sauf autorisation \u00e9crite de la Ville de B\u00e9ziers, toute utilisation des \u0153uvres autres que la reproduction et la consultation individuelles et priv\u00e9es, conformes \u00e0 l\u2019article L.122-5 du Code de la propri\u00e9t\u00e9 intellectuelle, est interdite. En aucun cas, ces reproductions ne sauraient porter pr\u00e9judice aux droits des tiers.&nbsp;<\/p>\n<\/div>\t\t\t\t\t\t<\/div>\n\t\t\t\t<\/div>\n\t\t\t\t\t<\/div>\n\t\t<\/div>\n\t\t\t\t\t\t\t<\/div>\n\t\t<\/section>\n\t\t\t\t\t\t\t<\/div>\n\t\t","protected":false},"excerpt":{"rendered":"<p>Mentions l\u00e9gales Site officiel de la Ville de B\u00e9ziers www.infos-beziers.fr Direction de la communication&nbsp; H\u00f4tel de Ville Place Gabriel P\u00e9ri 34500 B\u00e9ziers T\u00e9l. :&nbsp;04.67.36.73.62 Commentaires, remarques et suggestions La Ville de B\u00e9ziers ne garantit pas que ce site soit exempt de d\u00e9faut, d\u2019erreur ou d\u2019omission. L\u2019information qui y est contenue est destin\u00e9e \u00e0 vous apporter [&hellip;]<\/p>\n","protected":false},"author":1,"featured_media":0,"parent":0,"menu_order":0,"comment_status":"closed","ping_status":"closed","template":"","meta":{"footnotes":""},"class_list":["post-304","page","type-page","status-publish","hentry"],"_links":{"self":[{"href":"https:\/\/infos-beziers.fr\/index.php\/wp-json\/wp\/v2\/pages\/304","targetHints":{"allow":["GET"]}}],"collection":[{"href":"https:\/\/infos-beziers.fr\/index.php\/wp-json\/wp\/v2\/pages"}],"about":[{"href":"https:\/\/infos-beziers.fr\/index.php\/wp-json\/wp\/v2\/types\/page"}],"author":[{"embeddable":true,"href":"https:\/\/infos-beziers.fr\/index.php\/wp-json\/wp\/v2\/users\/1"}],"replies":[{"embeddable":true,"href":"https:\/\/infos-beziers.fr\/index.php\/wp-json\/wp\/v2\/comments?post=304"}],"version-history":[{"count":4,"href":"https:\/\/infos-beziers.fr\/index.php\/wp-json\/wp\/v2\/pages\/304\/revisions"}],"predecessor-version":[{"id":308,"href":"https:\/\/infos-beziers.fr\/index.php\/wp-json\/wp\/v2\/pages\/304\/revisions\/308"}],"wp:attachment":[{"href":"https:\/\/infos-beziers.fr\/index.php\/wp-json\/wp\/v2\/media?parent=304"}],"curies":[{"name":"wp","href":"https:\/\/api.w.org\/{rel}","templated":true}]}}